))*1233/(-6)?
True
Suppose r = 2*g + 1013, 3*r - 2034 - 990 = 3*g. Is r a multiple of 40?
False
Let w = 1117 + -549. Does 8 divide w?
True
Let q = 421 - 272. Let p = q - 19. Is p a multiple of 13?
True
Let k(t) = -41*t**3 + 6*t + 6. Is k(-2) a multiple of 46?
True
Let h be -2 + 4 + (2 - -1). Does 13 divide (-78)/(-3 + (h - 4))?
True
Let i = 3 + -5. Let w be i*29*3/(-1). Suppose q = 5*q + 3*d - 350, w = 2*q + 2*d. Does 24 divide q?
False
Suppose 94 = -4*i - 3*d + 4, 0 = 5*d - 10. Let u be (-102)/i - (-1)/(-4). Suppose u*x + 13 = 73. Is 5 a factor of x?
True
Suppose 0 = -3*h - 3*h + 84. Does 8 divide h?
False
Suppose -6*x + 5916 = -0*x. Is x a multiple of 17?
True
Let g(i) = -i**3 - 57*i**2 + 131*i - 100. Is g(-60) a multiple of 8?
True
Suppose -4*a = 3*i + 92, -5*a - 153 + 3 = -5*i. Let k(t) = -t**3 - t**2 + t + 56. Let u be k(0). Let v = u + a. Does 15 divide v?
True
Let a = -28 + 40. Suppose r + r = 2*m + a, 0 = -5*r. Is 4*m*(-2)/3 a multiple of 15?
False
Let u be (57/(-76))/(6/(-56)). Let f(j) = -5*j**2 - 22*j - 5. Let d(y) = -3*y**2 - 15*y - 3. Let t(l) = -8*d(l) + 5*f(l). Is 5 a factor of t(u)?
True
Suppose -g - 5*k + 6 = -3*k, -k = 2*g. Let m(l) = l + 1. Let c(j) = -3. Let d(p) = -2*c(p) - 3*m(p). Is d(g) a multiple of 3?
True
Let y be (-93)/(-33) + (-2)/(-11). Suppose 4*o = -y*d + 400, -2*o - 2*o + d + 384 = 0. Is (2 + 2 - 0) + o a multiple of 21?
False
Suppose -4 = -d - 1. Suppose -4*r = d*x - 404, 5*x - r - 273 = 3*x. Is x a multiple of 8?
True
Let n = 41 + -39. Let h(f) = 13*f**2 + 2*f - 2. Is 6 a factor of h(n)?
True
Is 27320/50 + 6/(-15) a multiple of 28?
False
Let k(s) = 123*s - 27. Is 51 a factor of k(6)?
False
Suppose 18*k - 78 = 12*k. Let g be (-2)/(-9) + (-385)/(-9). Suppose g = 2*b - k. Is b a multiple of 7?
True
Suppose 15*l + 2902 = 11572. Is l a multiple of 6?
False
Let f(k) = 2*k**2 + 6*k - 52. Does 32 divide f(18)?
True
Suppose -70*v + 75*v - 620 = 0. Is v a multiple of 31?
True
Let o be 6/3 - (-10 - 1). Let m = o + -8. Suppose m*j - 66 - 159 = -5*l, 0 = -2*j. Is 12 a factor of l?
False
Suppose 4*m + 9*w - 8*w - 713 = 0, -4*m + 3*w = -725. Is m a multiple of 60?
False
Suppose -3530 = -8*n + 4606. Is 9 a factor of n?
True
Suppose 3*q + 2*a + 0 = -2, a + 1 = 4*q. Is 7 a factor of (q - -1)/((-4)/(-128))?
False
Let l = -40 + 57. Suppose -9*j + l*j = 1024. Does 28 divide j?
False
Let f = -33 - -41. Suppose -v + f = 2*a, 0*v = v - 2*a - 20. Is 7 a factor of v?
True
Let p(d) = d**3 - 14*d**2 - 11*d + 13. Let v(z) = -4*z**2 + 5*z**2 + 0 + 1 - 2*z**2. Let a(y) = p(y) - v(y). Is 12 a factor of a(14)?
False
Suppose -4*q + 30 = 6. Suppose 2*j - q = 6. Suppose -j*i = -176 + 20. Does 13 divide i?
True
Suppose -j - 1192 = -3*j. Suppose 5*f - 3*f = -3*t + j, 0 = -3*t + 2*f + 604. Is t a multiple of 10?
True
Suppose -1440 = 17*y - 6472. Is y a multiple of 27?
False
Suppose 53 = 2*u - 5*l - 58, -3 = l. Let y be -4*(-9)/24*u. Suppose -y = -7*w + w. Does 12 divide w?
True
Suppose 37 = 3*z + 5*k + 2, 0 = 3*z - 3*k - 51. Suppose 0*n - 11 = -3*t + 4*n, -t - 5*n - 28 = 0. Does 9 divide (9/z)/(t/(-45))?
True
Suppose 4*u - 4*t - 416 = 0, -4*u + 624 - 212 = -3*t. Let f = 6 - 2. Suppose 72 = a - f*n, -3*a + 3*n - u = -5*a. Is a a multiple of 15?
False
Suppose 0 = -10*z + 19*z - 1647. Is z a multiple of 9?
False
Let z(q) = 46*q - 4. Let b(c) = c - 1. Let f(p) = 3*b(p) - z(p). Suppose 3*v - 3*x + 11 = 4*v, 5*v - x = -9. Is 11 a factor of f(v)?
True
Suppose -y + 5 = -2. Suppose -10 = -5*v - 2*k, -3*v - 8 = -y*v - 3*k. Is v a multiple of 2?
True
Suppose 3*z = 15, 3*z = 5*p + 4*z - 85. Does 4 divide p?
True
Suppose -4*n = -0*n + 4. Let f be -18*(n/(-1))/1. Let x = 26 + f. Does 2 divide x?
True
Let s(z) = -z**2 - 5*z + 11. Let t be s(-6). Suppose t*u - 4*u = 22. Suppose 3*p - 2 = u. Is p a multiple of 8?
True
Let s(h) = 13*h**3 + 4*h**2 - 6*h - 1. Suppose -14 = -2*p - 6. Let k(m) = 12*m**3 + 5*m**2 - 7*m - 1. Let t(l) = p*k(l) - 5*s(l). Does 16 divide t(-1)?
True
Suppose -11*t = -4*t - 14. Suppose -t*d - 9 = -41. Is d a multiple of 4?
True
Let j = -463 - -699. Suppose -5*m + j = -89. Does 13 divide m?
True
Let k = 79 + -81. Let x(h) = -7*h**3 - h**2 - 6*h - 4. Does 12 divide x(k)?
True
Let n = 139 - 78. Suppose 5*t - 49 = n. Does 22 divide t?
True
Let f = -1468 + 3766. Is 50 a factor of f?
False
Let c be (-515)/(-20) + 4/16. Suppose -12 = c*a - 24*a. Does 3 divide a/4 - (-88)/16?
False
Suppose -6 = -15*s + 12*s. Suppose -318 = -4*p + 2*k, -472 = -5*p - s*k - 88. Does 13 divide p?
True
Suppose 1 = -n - j, 0*j + 20 = 4*n - 2*j. Suppose 11 + 13 = n*x. Let k = 33 + x. Does 12 divide k?
False
Let u = 529 + -289. Does 15 divide u?
True
Suppose -k + 1 = -1. Let w(g) = -2*g**2 - 1. Let y(t) = -15*t**2 + 5*t - 8. Let l(i) = 3*w(i) - y(i). Is 9 a factor of l(k)?
False
Let b(j) = j**2 + j - 1. Let i(r) = 20*r**2 + 8 + 25*r**2 - 44*r**2 + 14*r. Let y(s) = -2*b(s) + i(s). Is 16 a factor of y(11)?
False
Suppose 6*z - 3*z + 12 = 0, 2*u - z - 784 = 0. Is 13 a factor of u?
True
Suppose -3*f - 88 = -2*u, 5*u - 4*f = 21 + 199. Let w be 165/u + 3/(-4). Let j(o) = -o**3 + 3*o**2 + 2*o. Does 4 divide j(w)?
False
Suppose 24*n = 22*n + 10. Suppose -2*p - x + n*x + 198 = 0, -x - 98 = -p. Is p a multiple of 8?
False
Let v = 1835 - 1295. Does 18 divide v?
True
Let r(k) = -12*k - 85 - 14 + 31. Is 14 a factor of r(-15)?
True
Suppose 276 = 2*l + 2*j + j, 414 = 3*l + 3*j. Is l a multiple of 46?
True
Let x be (-2068)/(-6) - (-9)/27. Let k(j) = j**2 - 235. Let m be k(0). Let g = x + m. Is g a multiple of 28?
False
Suppose -7*a + 22 = 4*a. Suppose a*s + 5*w = 374, -3*w + 359 = 2*s - 19. Is 12 a factor of s?
True
Suppose 10*w - 11*w + 3 = 0. Suppose 4*k + 0 = -2*p + 6, 5*k + p - w = 0. Suppose -5*t + 54 + 56 = k. Is 22 a factor of t?
True
Let k(v) = -v**3 - 6*v**2 + 8*v - 1. Let g be (1*-7)/(-15 + 16). Let r be k(g). Let p(n) = n**2 + 5*n - 7. Does 3 divide p(r)?
False
Let c be (-41)/(3/(-12) + 39/204). Let r be (-66)/(-2) - (-3 - -2). Is c/r - (-2)/4 a multiple of 8?
False
Let o(v) = -v + 8. Let a be o(9). Let b(l) be the second derivative of -25*l**3/6 - l**2 - 19*l. Does 7 divide b(a)?
False
Let p = 2879 - 1607. Is 24 a factor of p?
True
Let u(h) = -23*h**2 - h + 13. Let k(b) = -44*b**2 - b + 25. Let q(p) = -3*k(p) + 5*u(p). Does 15 divide q(-4)?
True
Suppose 0*c + 155 = 5*c. Let j = -61 + c. Is 22 a factor of 2/(-10) - 3306/j?
True
Let j be (2/6*0)/(-3). Suppose j*g + 4*g + 132 = 0. Let k = g - -65. Does 8 divide k?
True
Let z(u) be the second derivative of 9/2*u**2 - 1/3*u**3 + 0 + 7*u. Is z(-11) a multiple of 12?
False
Let c(b) be the third derivative of -b**6/120 + b**5/5 - 3*b**4/8 + 13*b**3/6 + b**2. Is 13 a factor of c(10)?
False
Suppose 2*t + f - 290 = 0, -3*t + 2*t = -3*f - 159. Is 7 a factor of t?
True
Let b = 38 - 22. Suppose 0 = -3*d - d + b. Is 2 a factor of d?
True
Let a = 5178 + -2934. Is 34 a factor of a?
True
Suppose 2*w + 0*w = -5*r - 103, 0 = 5*r - w + 91. Suppose -3*o = -21 + 102. Let c = r - o. Is 8 a factor of c?
True
Let p = -22 - -402. Is 19 a factor of p?
True
Let g(q) = -5*q - 6. Let c(w) = -w + 4. Let s be c(10). Does 6 divide g(s)?
True
Is 48 a factor of 11096/44 + -5 - 4/22?
False
Let q = -1097 - -1848. Is 21 a factor of q?
False
Suppose 0*l = -4*l + 6444. Does 9 divide l?
True
Let d(o) = -5 + 4*o - 6*o**2 + 3 + 3*o**3 - 2. Is 18 a factor of d(4)?
True
Let v(u) = 12*u**3 + 8*u**2 - 9*u + 5. Is 79 a factor of v(6)?
False
Is (578/80 - (-21)/56)*5 a multiple of 13?
False
Suppose 5*r = 30 + 40. Suppose -g - 3 = -35. Suppose 0 = k - g - r. Is 17 a factor of k?
False
Let n(s) = -54*s + 2. Let j(i) = -56*i + 3. Let r(a) = -3*j(a) + 2*n(a). Is 32 a factor of r(1)?
False
Suppose 2*l - 258 = 2*f, 124 = 2*l - f - 129. Does 31 divide l?
True
Suppose -2*b + 0*b - 2*b = 0. Suppose -2*l - 4*v = 2*l - 96, 3*v - 6 = b. Is 22 a factor of l?
True
Let n be ((-104)/(-78))/(-2 + 16/9). Does 7 divide 1*-435*(-1 + n/(-10))?
False
Suppose 0 = 4*y - i - 6, -2*y + 4*i + 2 = 3*y. Suppose -y*k = 5 - 9. Suppose k*m = 22 + 6. Is 7 a factor of m?
True
Let t = 1186 - 876. Does 89 divide t?
False
Let d = 84 - 42. Let u be (-4)/(-14) + 114/d. Suppose -43 = -b - b - u*s, b + s - 20 = 0. Is b a multiple of 10?
False
Let o = 26 + -27. Is 3 a factor of (-62)/(-14) - 6/(-14)*o?
False
Suppose 